{"id":12886,"date":"2025-04-22T21:15:33","date_gmt":"2025-04-23T00:15:33","guid":{"rendered":"https:\/\/www.sabra.org.br\/site\/accessibility-statement\/"},"modified":"2026-05-13T13:15:47","modified_gmt":"2026-05-13T16:15:47","slug":"accessibility-statement","status":"publish","type":"page","link":"https:\/\/www.sabra.org.br\/site\/accessibility-statement\/","title":{"rendered":"Declara\u00e7\u00e3o de acessibilidade"},"content":{"rendered":"\n<h2 class=\"wp-block-heading has-text-align-center\"><strong>Declara\u00e7\u00e3o de acessibilidade para https:\/\/www.sabra.org.br\/<\/strong><\/h2>\n\n\n\n<p class=\"wp-block-paragraph\">O <strong>Sociedade Art\u00edstica Brasileira SABRA<\/strong> tem o compromisso de garantir a acessibilidade digital para pessoas com necessidades especiais. Estamos melhorando continuamente a experi\u00eancia do usu\u00e1rio para todos, aplicando os padr\u00f5es de acessibilidade relevantes.<\/p>\n\n\n\n<h4 class=\"wp-block-heading\"><strong>Status da conformidade<\/strong><\/h4>\n\n\n\n<p class=\"wp-block-paragraph\">As Diretrizes de Acessibilidade para Conte\u00fado da Web (WCAG) definem os requisitos para que designers e desenvolvedores melhorem a acessibilidade para pessoas com necessidades especiais. Elas definem tr\u00eas n\u00edveis de conformidade: N\u00edvel A, N\u00edvel AA e N\u00edvel AAA.<\/p>\n\n\n\n<p class=\"wp-block-paragraph\">O <strong>Sociedade Art\u00edstica Brasileira SABRA<\/strong> est\u00e1 se esfor\u00e7ando constantemente para melhorar a acessibilidade do seu site e dos seus servi\u00e7os, acreditando que \u00e9 nossa obriga\u00e7\u00e3o moral coletiva permitir o uso cont\u00ednuo, acess\u00edvel e sem impedimentos para os portadores de necessidades especiais.<\/p>\n\n\n\n<p class=\"wp-block-paragraph\">Nosso objetivo \u00e9 tornar acess\u00edveis todas as p\u00e1ginas e conte\u00fados do <strong>https:\/\/www.sabra.org.br\/<\/strong>, mas alguns conte\u00fados podem ainda n\u00e3o atender completamente aos mais altos padr\u00f5es de acessibilidade. Isso pode ocorrer devido a desafios na identifica\u00e7\u00e3o da solu\u00e7\u00e3o tecnol\u00f3gica mais adequada.<\/p>\n\n\n\n<p class=\"wp-block-paragraph\">Podemos revisar esta declara\u00e7\u00e3o periodicamente, para refletir melhorias ou altera\u00e7\u00f5es nas nossas pr\u00e1ticas de acessibilidade.<\/p>\n\n\n\n<h4 class=\"wp-block-heading\"><strong>Feedback<\/strong><\/h4>\n\n\n\n<p class=\"wp-block-paragraph\">Agradecemos seu feedback sobre a acessibilidade do site <strong>Sociedade Art\u00edstica Brasileira SABRA<\/strong>. Caso encontre barreiras de acessibilidade em nosso site, fale conosco:<\/p>\n\n\n\n<p class=\"wp-block-paragraph\">E-mail: <strong>contato@sabra.org.br<\/strong><\/p>\n\n\n\n<p class=\"wp-block-paragraph\">Tentamos responder aos feedbacks dentro de 3 a 5 dias \u00fateis.<\/p>\n\n\n\n<p class=\"wp-block-paragraph\">Esta declara\u00e7\u00e3o foi criada em 22\/04\/2025. <\/p>\n","protected":false},"excerpt":{"rendered":"<p>Declara\u00e7\u00e3o de acessibilidade para https:\/\/www.sabra.org.br\/ O Sociedade Art\u00edstica Brasileira SABRA tem o compromisso de garantir a acessibilidade digital para pessoas com necessidades especiais. Estamos melhorando&hellip;<\/p>\n","protected":false},"author":39,"featured_media":0,"parent":0,"menu_order":0,"comment_status":"closed","ping_status":"closed","template":"","meta":{"_customify_content_layout":"","_customify_sidebar":"","_customify_page_header_display":"default","_customify_disable_header":"","_customify_disable_header_top":"","_customify_disable_header_main":"","_customify_disable_header_bottom":"","_customify_disable_page_title":"","_customify_disable_content_vertical_padding":"","_customify_disable_footer_top":"","_customify_disable_footer_main":"","_customify_disable_footer_bottom":"","_customify_breadcrumb_display":"","_customify_header_transparent_display":"","footnotes":""},"class_list":["post-12886","page","type-page","status-publish","hentry"],"jetpack_shortlink":"https:\/\/wp.me\/P95j2Z-3lQ","jetpack-related-posts":[{"id":13,"url":"https:\/\/www.sabra.org.br\/site\/","url_meta":{"origin":12886,"position":0},"title":"Sociedade Art\u00edstica Brasileira &#8211; SABRA","author":"M\u00e1rcio Miranda Pontes","date":"23 de maio de 2016","format":false,"excerpt":"Promover a inclus\u00e3o e integra\u00e7\u00e3o social e a preserva\u00e7\u00e3o do patrim\u00f4nio cultural brasileiro de forma gratuita e continuada.","rel":"","context":"Post similar","block_context":{"text":"Post similar","link":""},"img":{"alt_text":"escola-m\u00fasica-sabra-audi\u00e7\u00e3o-irpf","src":"https:\/\/i0.wp.com\/www.sabra.org.br\/site\/wp-content\/uploads\/2024\/12\/audicao-alunos.jpg?resize=350%2C200&ssl=1","width":350,"height":200,"srcset":"https:\/\/i0.wp.com\/www.sabra.org.br\/site\/wp-content\/uploads\/2024\/12\/audicao-alunos.jpg?resize=350%2C200&ssl=1 1x, https:\/\/i0.wp.com\/www.sabra.org.br\/site\/wp-content\/uploads\/2024\/12\/audicao-alunos.jpg?resize=525%2C300&ssl=1 1.5x, https:\/\/i0.wp.com\/www.sabra.org.br\/site\/wp-content\/uploads\/2024\/12\/audicao-alunos.jpg?resize=700%2C400&ssl=1 2x"},"classes":[]},{"id":16181,"url":"https:\/\/www.sabra.org.br\/site\/campanha-quintal\/","url_meta":{"origin":12886,"position":1},"title":"Campanha Quintal","author":"M\u00e1rcio Miranda Pontes","date":"7 de agosto de 2026","format":false,"excerpt":"Campanha Reforma SABRA 2026 | Doe Agora SABRA \u00b7 Sociedade Art\u00edstica Brasileira Fundada em 2013 \u00b7 Betim\/MG \u00b7 Certifica\u00e7\u00e3o CEBAS \ud83c\udfaf Meta: R$ 50.000,00 Reforma SABRA 2026 A m\u00fasica transforma vidas, mas o espa\u00e7o onde ela acontece precisa acompanhar essa transforma\u00e7\u00e3o. A Escola de M\u00fasica SABRA \u00e9 um polo de\u2026","rel":"","context":"Post similar","block_context":{"text":"Post similar","link":""},"img":{"alt_text":"","src":"","width":0,"height":0},"classes":[]},{"id":16258,"url":"https:\/\/www.sabra.org.br\/site\/campanha-reforma-2026\/","url_meta":{"origin":12886,"position":2},"title":"Campanha Reforma 2026","author":"M\u00e1rcio Miranda Pontes","date":"20 de agosto de 2026","format":false,"excerpt":"Campanha Reforma SABRA 2026 | Apresenta\u00e7\u00e3o SABRA \u00b7 Sociedade Art\u00edstica Brasileira Fundada em 2013 \u00b7 Betim\/MG \u00b7 Certifica\u00e7\u00e3o CEBAS \ud83c\udfaf Meta: R$ 60.000,00 \ud83d\udcca Arrecadado: R$ 0,00 Reforma SABRA 2026 A m\u00fasica transforma vidas, mas o espa\u00e7o onde ela acontece precisa acompanhar essa transforma\u00e7\u00e3o. A Escola de M\u00fasica SABRA \u00e9\u2026","rel":"","context":"Post similar","block_context":{"text":"Post similar","link":""},"img":{"alt_text":"","src":"","width":0,"height":0},"classes":[]},{"id":24,"url":"https:\/\/www.sabra.org.br\/site\/doe-agora\/","url_meta":{"origin":12886,"position":3},"title":"Doe agora","author":"M\u00e1rcio Miranda Pontes","date":"24 de maio de 2016","format":false,"excerpt":"<title>SABRA - Capta\u00e7\u00e3o de Recursos<\/title> * { margin: 0; padding: 0; box-sizing: border-box; } body { font-family: 'Segoe UI', Roboto, 'Helvetica Neue', sans-serif; background-color: #f5f2eb; color: #2c2b28; line-height: 1.6; } .sabra-container { max-width: 1200px; margin: 0 auto; padding: 2rem 1.5rem; } \/* cabe\u00e7alho <em>\/ .sabra-header { text-align: center; margin-bottom: 2.5rem;\u2026","rel":"","context":"Post similar","block_context":{"text":"Post similar","link":""},"img":{"alt_text":"","src":"","width":0,"height":0},"classes":[]},{"id":16159,"url":"https:\/\/www.sabra.org.br\/site\/links-instagram\/","url_meta":{"origin":12886,"position":4},"title":"Links Instagram","author":"M\u00e1rcio Miranda Pontes","date":"3 de agosto de 2026","format":false,"excerpt":"Escola de M\u00fasica Sabra, aulas gratuitas de musica! Junte-se a n\u00f3s! M\u00fasica e Inclus\u00e3o Social. \u00a0 Doe agora - SABRA | Sociedade Art\u00edstica BrasileiraLibras em Concerto - SABRA | Sociedade Art\u00edstica BrasileiraYouTubeFaceBook Se voc\u00ea gostou deste post: SIGA as nossas p\u00e1ginas nas redes sociais para acompanhar as nossas atualiza\u00e7\u00f5es: estamos\u2026","rel":"","context":"Post similar","block_context":{"text":"Post similar","link":""},"img":{"alt_text":"","src":"","width":0,"height":0},"classes":[]},{"id":5426,"url":"https:\/\/www.sabra.org.br\/site\/politica-de-cookies-br\/","url_meta":{"origin":12886,"position":5},"title":"Pol\u00edtica de Cookies (BR)","author":"M\u00e1rcio Miranda Pontes","date":"1 de agosto de 2022","format":false,"excerpt":"Pol\u00edtica de Cookies da Sociedade Art\u00edstica Brasileira - SABRA A presente Pol\u00edtica de Cookies \u00e9 um documento complementar \u00e0 Pol\u00edtica de Privacidade da Sociedade Art\u00edstica Brasileira - SABRA, dispon\u00edvel neste link: Pol\u00edtica de Privacidade.\u00a0Aqui, voc\u00ea encontrar\u00e1 informa\u00e7\u00f5es objetivas e claras sobre o que s\u00e3o Cookies, quais Cookies utilizamos em nossas\u2026","rel":"","context":"Post similar","block_context":{"text":"Post similar","link":""},"img":{"alt_text":"","src":"","width":0,"height":0},"classes":[]}],"jetpack_likes_enabled":true,"jetpack_sharing_enabled":true,"_links":{"self":[{"href":"https:\/\/www.sabra.org.br\/site\/wp-json\/wp\/v2\/pages\/12886","targetHints":{"allow":["GET"]}}],"collection":[{"href":"https:\/\/www.sabra.org.br\/site\/wp-json\/wp\/v2\/pages"}],"about":[{"href":"https:\/\/www.sabra.org.br\/site\/wp-json\/wp\/v2\/types\/page"}],"author":[{"embeddable":true,"href":"https:\/\/www.sabra.org.br\/site\/wp-json\/wp\/v2\/users\/39"}],"replies":[{"embeddable":true,"href":"https:\/\/www.sabra.org.br\/site\/wp-json\/wp\/v2\/comments?post=12886"}],"version-history":[{"count":0,"href":"https:\/\/www.sabra.org.br\/site\/wp-json\/wp\/v2\/pages\/12886\/revisions"}],"wp:attachment":[{"href":"https:\/\/www.sabra.org.br\/site\/wp-json\/wp\/v2\/media?parent=12886"}],"curies":[{"name":"wp","href":"https:\/\/api.w.org\/{rel}","templated":true}]}}

Declaração de acessibilidade

<h2 class="wp-block-heading has-text-align-center"><strong>Declaração de acessibilidade para https://www.sabra.org.br/</strong></h2>



<p class="wp-block-paragraph">O <strong>Sociedade Artística Brasileira SABRA</strong> tem o compromisso de garantir a acessibilidade digital para pessoas com necessidades especiais. Estamos melhorando continuamente a experiência do usuário para todos, aplicando os padrões de acessibilidade relevantes.</p>



<h4 class="wp-block-heading"><strong>Status da conformidade</strong></h4>



<p class="wp-block-paragraph">As Diretrizes de Acessibilidade para Conteúdo da Web (WCAG) definem os requisitos para que designers e desenvolvedores melhorem a acessibilidade para pessoas com necessidades especiais. Elas definem três níveis de conformidade: Nível A, Nível AA e Nível AAA.</p>



<p class="wp-block-paragraph">O <strong>Sociedade Artística Brasileira SABRA</strong> está se esforçando constantemente para melhorar a acessibilidade do seu site e dos seus serviços, acreditando que é nossa obrigação moral coletiva permitir o uso contínuo, acessível e sem impedimentos para os portadores de necessidades especiais.</p>



<p class="wp-block-paragraph">Nosso objetivo é tornar acessíveis todas as páginas e conteúdos do <strong>https://www.sabra.org.br/</strong>, mas alguns conteúdos podem ainda não atender completamente aos mais altos padrões de acessibilidade. Isso pode ocorrer devido a desafios na identificação da solução tecnológica mais adequada.</p>



<p class="wp-block-paragraph">Podemos revisar esta declaração periodicamente, para refletir melhorias ou alterações nas nossas práticas de acessibilidade.</p>



<h4 class="wp-block-heading"><strong>Feedback</strong></h4>



<p class="wp-block-paragraph">Agradecemos seu feedback sobre a acessibilidade do site <strong>Sociedade Artística Brasileira SABRA</strong>. Caso encontre barreiras de acessibilidade em nosso site, fale conosco:</p>



<p class="wp-block-paragraph">E-mail: <strong>contato@sabra.org.br</strong></p>



<p class="wp-block-paragraph">Tentamos responder aos feedbacks dentro de 3 a 5 dias úteis.</p>



<p class="wp-block-paragraph">Esta declaração foi criada em 22/04/2025. </p>

<p>Declaração de acessibilidade para https://www.sabra.org.br/ O Sociedade Artística Brasileira SABRA tem o compromisso de garantir a acessibilidade digital para pessoas com necessidades especiais. Estamos melhorando&hellip;</p>

Sociedade Artística Brasileira &#8211; SABRA

Márcio Miranda Pontes

Promover a inclusão e integração social e a preservação do patrimônio cultural brasileiro de forma gratuita e continuada.

escola-música-sabra-audição-irpf

Campanha Reforma SABRA 2026 | Doe Agora SABRA · Sociedade Artística Brasileira Fundada em 2013 · Betim/MG · Certificação CEBAS 🎯 Meta: R$ 50.000,00 Reforma SABRA 2026 A música transforma vidas, mas o espaço onde ela acontece precisa acompanhar essa transformação. A Escola de Música SABRA é um polo de…

Campanha Reforma SABRA 2026 | Apresentação SABRA · Sociedade Artística Brasileira Fundada em 2013 · Betim/MG · Certificação CEBAS 🎯 Meta: R$ 60.000,00 📊 Arrecadado: R$ 0,00 Reforma SABRA 2026 A música transforma vidas, mas o espaço onde ela acontece precisa acompanhar essa transformação. A Escola de Música SABRA é…

<title>SABRA - Captação de Recursos</title> * { margin: 0; padding: 0; box-sizing: border-box; } body { font-family: 'Segoe UI', Roboto, 'Helvetica Neue', sans-serif; background-color: #f5f2eb; color: #2c2b28; line-height: 1.6; } .sabra-container { max-width: 1200px; margin: 0 auto; padding: 2rem 1.5rem; } /* cabeçalho <em>/ .sabra-header { text-align: center; margin-bottom: 2.5rem;…

Escola de Música Sabra, aulas gratuitas de musica! Junte-se a nós! Música e Inclusão Social.   Doe agora - SABRA | Sociedade Artística BrasileiraLibras em Concerto - SABRA | Sociedade Artística BrasileiraYouTubeFaceBook Se você gostou deste post: SIGA as nossas páginas nas redes sociais para acompanhar as nossas atualizações: estamos…

Política de Cookies (BR)

Política de Cookies da Sociedade Artística Brasileira - SABRA A presente Política de Cookies é um documento complementar à Política de Privacidade da Sociedade Artística Brasileira - SABRA, disponível neste link: Política de Privacidade. Aqui, você encontrará informações objetivas e claras sobre o que são Cookies, quais Cookies utilizamos em nossas…
