{"id":28,"date":"2016-05-24T14:31:37","date_gmt":"2016-05-24T17:31:37","guid":{"rendered":"http:\/\/www.sabra.org.br\/site\/?page_id=28"},"modified":"2025-07-30T05:49:25","modified_gmt":"2025-07-30T08:49:25","slug":"parceiros","status":"publish","type":"page","link":"https:\/\/www.sabra.org.br\/site\/parceiros\/","title":{"rendered":"Parceiros"},"content":{"rendered":"<h1>Parceiros<\/h1>\n<p><img fetchpriority=\"high\" decoding=\"async\" data-attachment-id=\"11564\" data-permalink=\"https:\/\/www.sabra.org.br\/site\/sabra-2\/assinaturainstagram2025v2\/\" data-orig-file=\"https:\/\/www.sabra.org.br\/site\/wp-content\/uploads\/2025\/04\/AssinaturaInstagram2025V2.png\" data-orig-size=\"2560,2505\" data-comments-opened=\"1\" data-image-meta=\"{&quot;aperture&quot;:&quot;0&quot;,&quot;credit&quot;:&quot;&quot;,&quot;camera&quot;:&quot;&quot;,&quot;caption&quot;:&quot;&quot;,&quot;created_timestamp&quot;:&quot;0&quot;,&quot;copyright&quot;:&quot;&quot;,&quot;focal_length&quot;:&quot;0&quot;,&quot;iso&quot;:&quot;0&quot;,&quot;shutter_speed&quot;:&quot;0&quot;,&quot;title&quot;:&quot;&quot;,&quot;orientation&quot;:&quot;0&quot;}\" data-image-title=\"AssinaturaInstagram2025V2\" data-image-description=\"&lt;p&gt;Maestro M\u00e1rcio Miranda Pontes&lt;\/p&gt;\n\" data-image-caption=\"&lt;p&gt;Sociedade Art\u00edstica Brasileira Sabra&lt;\/p&gt;\n\" data-large-file=\"https:\/\/www.sabra.org.br\/site\/wp-content\/uploads\/2025\/04\/AssinaturaInstagram2025V2-1024x1002.png\" class=\"size-full wp-image-11564\" src=\"https:\/\/www.sabra.org.br\/site\/wp-content\/uploads\/2025\/04\/AssinaturaInstagram2025V2.png\" alt=\"Sociedade Art\u00edstica Brasileira SABRA\" width=\"2878\" height=\"2816\" srcset=\"https:\/\/www.sabra.org.br\/site\/wp-content\/uploads\/2025\/04\/AssinaturaInstagram2025V2.png 2560w, https:\/\/www.sabra.org.br\/site\/wp-content\/uploads\/2025\/04\/AssinaturaInstagram2025V2-300x294.png 300w, https:\/\/www.sabra.org.br\/site\/wp-content\/uploads\/2025\/04\/AssinaturaInstagram2025V2-1024x1002.png 1024w, https:\/\/www.sabra.org.br\/site\/wp-content\/uploads\/2025\/04\/AssinaturaInstagram2025V2-768x751.png 768w, https:\/\/www.sabra.org.br\/site\/wp-content\/uploads\/2025\/04\/AssinaturaInstagram2025V2-1536x1503.png 1536w, https:\/\/www.sabra.org.br\/site\/wp-content\/uploads\/2025\/04\/AssinaturaInstagram2025V2-2048x2004.png 2048w\" sizes=\"(max-width: 2878px) 100vw, 2878px\" \/><\/p>\n<div class=\"gsp_post_data\" \r\n\t            data-post_type=\"page\" \r\n\t            data-cat=\"\" \r\n\t            data-modified=\"120\"\r\n\t            data-created=\"1464100297\"\r\n\t            data-title=\"Parceiros\" \r\n\t            data-home=\"https:\/\/www.sabra.org.br\/site\"><\/div>","protected":false},"excerpt":{"rendered":"<p>Parceiros da Sociedade Art\u00edstica Brasileira SABRA por meio dos quais nossas a\u00e7\u00f5es s\u00e3o viabilizadas. Nosso muito obrigado.<\/p>\n","protected":false},"author":39,"featured_media":0,"parent":0,"menu_order":0,"comment_status":"closed","ping_status":"closed","template":"","meta":{"jetpack_post_was_ever_published":false,"footnotes":""},"class_list":["post-28","page","type-page","status-publish","hentry"],"yoast_head":"<!-- This site is optimized with the Yoast SEO plugin v27.4 - https:\/\/yoast.com\/product\/yoast-seo-wordpress\/ -->\n<title>Parceiros - SABRA - Sociedade Art\u00edstica Brasileira<\/title>\n<meta name=\"description\" content=\"Parceiros da Sociedade Art\u00edstica Brasileira SABRA por meio dos quais nossas a\u00e7\u00f5es s\u00e3o viabilizadas. Nosso muito obrigado.\" \/>\n<meta name=\"robots\" content=\"index, follow, max-snippet:-1, max-image-preview:large, max-video-preview:-1\" \/>\n<link rel=\"canonical\" href=\"https:\/\/www.sabra.org.br\/site\/parceiros\/\" \/>\n<meta property=\"og:locale\" content=\"pt_BR\" \/>\n<meta property=\"og:type\" content=\"article\" \/>\n<meta property=\"og:title\" content=\"Parceiros - SABRA - Sociedade Art\u00edstica Brasileira\" \/>\n<meta property=\"og:description\" content=\"Parceiros da Sociedade Art\u00edstica Brasileira SABRA por meio dos quais nossas a\u00e7\u00f5es s\u00e3o viabilizadas. Nosso muito obrigado.\" \/>\n<meta property=\"og:url\" content=\"https:\/\/www.sabra.org.br\/site\/parceiros\/\" \/>\n<meta property=\"og:site_name\" content=\"SABRA - Sociedade Art\u00edstica Brasileira\" \/>\n<meta property=\"article:publisher\" content=\"https:\/\/www.facebook.com\/sabrabrasil\" \/>\n<meta property=\"article:modified_time\" content=\"2025-07-30T08:49:25+00:00\" \/>\n<meta property=\"og:image\" content=\"https:\/\/www.sabra.org.br\/site\/wp-content\/uploads\/2025\/04\/AssinaturaInstagram2025V2.png\" \/>\n<meta name=\"twitter:card\" content=\"summary_large_image\" \/>\n<meta name=\"twitter:site\" content=\"@ContatoSabra\" \/>\n<meta name=\"twitter:label1\" content=\"Est. tempo de leitura\" \/>\n\t<meta name=\"twitter:data1\" content=\"1 minuto\" \/>\n<script type=\"application\/ld+json\" class=\"yoast-schema-graph\">{\"@context\":\"https:\\\/\\\/schema.org\",\"@graph\":[{\"@type\":\"WebPage\",\"@id\":\"https:\\\/\\\/www.sabra.org.br\\\/site\\\/parceiros\\\/\",\"url\":\"https:\\\/\\\/www.sabra.org.br\\\/site\\\/parceiros\\\/\",\"name\":\"Parceiros - SABRA - Sociedade Art\u00edstica Brasileira\",\"isPartOf\":{\"@id\":\"https:\\\/\\\/www.sabra.org.br\\\/site\\\/#website\"},\"primaryImageOfPage\":{\"@id\":\"https:\\\/\\\/www.sabra.org.br\\\/site\\\/parceiros\\\/#primaryimage\"},\"image\":{\"@id\":\"https:\\\/\\\/www.sabra.org.br\\\/site\\\/parceiros\\\/#primaryimage\"},\"thumbnailUrl\":\"https:\\\/\\\/www.sabra.org.br\\\/site\\\/wp-content\\\/uploads\\\/2025\\\/04\\\/AssinaturaInstagram2025V2.png\",\"datePublished\":\"2016-05-24T17:31:37+00:00\",\"dateModified\":\"2025-07-30T08:49:25+00:00\",\"description\":\"Parceiros da Sociedade Art\u00edstica Brasileira SABRA por meio dos quais nossas a\u00e7\u00f5es s\u00e3o viabilizadas. Nosso muito obrigado.\",\"breadcrumb\":{\"@id\":\"https:\\\/\\\/www.sabra.org.br\\\/site\\\/parceiros\\\/#breadcrumb\"},\"inLanguage\":\"pt-BR\",\"potentialAction\":[{\"@type\":\"ReadAction\",\"target\":[\"https:\\\/\\\/www.sabra.org.br\\\/site\\\/parceiros\\\/\"]}]},{\"@type\":\"ImageObject\",\"inLanguage\":\"pt-BR\",\"@id\":\"https:\\\/\\\/www.sabra.org.br\\\/site\\\/parceiros\\\/#primaryimage\",\"url\":\"https:\\\/\\\/www.sabra.org.br\\\/site\\\/wp-content\\\/uploads\\\/2025\\\/04\\\/AssinaturaInstagram2025V2.png\",\"contentUrl\":\"https:\\\/\\\/www.sabra.org.br\\\/site\\\/wp-content\\\/uploads\\\/2025\\\/04\\\/AssinaturaInstagram2025V2.png\",\"width\":2560,\"height\":2505,\"caption\":\"Sociedade Art\u00edstica Brasileira Sabra\"},{\"@type\":\"BreadcrumbList\",\"@id\":\"https:\\\/\\\/www.sabra.org.br\\\/site\\\/parceiros\\\/#breadcrumb\",\"itemListElement\":[{\"@type\":\"ListItem\",\"position\":1,\"name\":\"In\u00edcio\",\"item\":\"https:\\\/\\\/www.sabra.org.br\\\/site\\\/\"},{\"@type\":\"ListItem\",\"position\":2,\"name\":\"Parceiros\"}]},{\"@type\":\"WebSite\",\"@id\":\"https:\\\/\\\/www.sabra.org.br\\\/site\\\/#website\",\"url\":\"https:\\\/\\\/www.sabra.org.br\\\/site\\\/\",\"name\":\"SABRA - Sociedade Art\u00edstica Brasileira\",\"description\":\"Escola de M\u00fasica, Orquestra Sinf\u00f4nica, Coral e Patrim\u00f4nio Cultural e Hist\u00f3rico\",\"publisher\":{\"@id\":\"https:\\\/\\\/www.sabra.org.br\\\/site\\\/#organization\"},\"potentialAction\":[{\"@type\":\"SearchAction\",\"target\":{\"@type\":\"EntryPoint\",\"urlTemplate\":\"https:\\\/\\\/www.sabra.org.br\\\/site\\\/?s={search_term_string}\"},\"query-input\":{\"@type\":\"PropertyValueSpecification\",\"valueRequired\":true,\"valueName\":\"search_term_string\"}}],\"inLanguage\":\"pt-BR\"},{\"@type\":\"Organization\",\"@id\":\"https:\\\/\\\/www.sabra.org.br\\\/site\\\/#organization\",\"name\":\"SOCIEDADE ART\u00cdSTICA BRASILEIRA SABRA\",\"alternateName\":\"SABRA\",\"url\":\"https:\\\/\\\/www.sabra.org.br\\\/site\\\/\",\"logo\":{\"@type\":\"ImageObject\",\"inLanguage\":\"pt-BR\",\"@id\":\"https:\\\/\\\/www.sabra.org.br\\\/site\\\/#\\\/schema\\\/logo\\\/image\\\/\",\"url\":\"https:\\\/\\\/www.sabra.org.br\\\/site\\\/wp-content\\\/uploads\\\/2019\\\/06\\\/cropped-Logo_SABRA-Copia-1.webp\",\"contentUrl\":\"https:\\\/\\\/www.sabra.org.br\\\/site\\\/wp-content\\\/uploads\\\/2019\\\/06\\\/cropped-Logo_SABRA-Copia-1.webp\",\"width\":400,\"height\":128,\"caption\":\"SOCIEDADE ART\u00cdSTICA BRASILEIRA SABRA\"},\"image\":{\"@id\":\"https:\\\/\\\/www.sabra.org.br\\\/site\\\/#\\\/schema\\\/logo\\\/image\\\/\"},\"sameAs\":[\"https:\\\/\\\/www.facebook.com\\\/sabrabrasil\",\"https:\\\/\\\/x.com\\\/ContatoSabra\",\"https:\\\/\\\/www.instagram.com\\\/sabrabrasil\\\/\",\"https:\\\/\\\/www.linkedin.com\\\/company\\\/25002088\\\/\",\"https:\\\/\\\/br.pinterest.com\\\/sociedadeartisticabrasileira\\\/\",\"https:\\\/\\\/www.youtube.com\\\/c\\\/sabrabrasil\"]}]}<\/script>\n<!-- \/ Yoast SEO plugin. -->","yoast_head_json":{"title":"Parceiros - SABRA - Sociedade Art\u00edstica Brasileira","description":"Parceiros da Sociedade Art\u00edstica Brasileira SABRA por meio dos quais nossas a\u00e7\u00f5es s\u00e3o viabilizadas. Nosso muito obrigado.","robots":{"index":"index","follow":"follow","max-snippet":"max-snippet:-1","max-image-preview":"max-image-preview:large","max-video-preview":"max-video-preview:-1"},"canonical":"https:\/\/www.sabra.org.br\/site\/parceiros\/","og_locale":"pt_BR","og_type":"article","og_title":"Parceiros - SABRA - Sociedade Art\u00edstica Brasileira","og_description":"Parceiros da Sociedade Art\u00edstica Brasileira SABRA por meio dos quais nossas a\u00e7\u00f5es s\u00e3o viabilizadas. Nosso muito obrigado.","og_url":"https:\/\/www.sabra.org.br\/site\/parceiros\/","og_site_name":"SABRA - Sociedade Art\u00edstica Brasileira","article_publisher":"https:\/\/www.facebook.com\/sabrabrasil","article_modified_time":"2025-07-30T08:49:25+00:00","og_image":[{"url":"https:\/\/www.sabra.org.br\/site\/wp-content\/uploads\/2025\/04\/AssinaturaInstagram2025V2.png","type":"","width":"","height":""}],"twitter_card":"summary_large_image","twitter_site":"@ContatoSabra","twitter_misc":{"Est. tempo de leitura":"1 minuto"},"schema":{"@context":"https:\/\/schema.org","@graph":[{"@type":"WebPage","@id":"https:\/\/www.sabra.org.br\/site\/parceiros\/","url":"https:\/\/www.sabra.org.br\/site\/parceiros\/","name":"Parceiros - SABRA - Sociedade Art\u00edstica Brasileira","isPartOf":{"@id":"https:\/\/www.sabra.org.br\/site\/#website"},"primaryImageOfPage":{"@id":"https:\/\/www.sabra.org.br\/site\/parceiros\/#primaryimage"},"image":{"@id":"https:\/\/www.sabra.org.br\/site\/parceiros\/#primaryimage"},"thumbnailUrl":"https:\/\/www.sabra.org.br\/site\/wp-content\/uploads\/2025\/04\/AssinaturaInstagram2025V2.png","datePublished":"2016-05-24T17:31:37+00:00","dateModified":"2025-07-30T08:49:25+00:00","description":"Parceiros da Sociedade Art\u00edstica Brasileira SABRA por meio dos quais nossas a\u00e7\u00f5es s\u00e3o viabilizadas. Nosso muito obrigado.","breadcrumb":{"@id":"https:\/\/www.sabra.org.br\/site\/parceiros\/#breadcrumb"},"inLanguage":"pt-BR","potentialAction":[{"@type":"ReadAction","target":["https:\/\/www.sabra.org.br\/site\/parceiros\/"]}]},{"@type":"ImageObject","inLanguage":"pt-BR","@id":"https:\/\/www.sabra.org.br\/site\/parceiros\/#primaryimage","url":"https:\/\/www.sabra.org.br\/site\/wp-content\/uploads\/2025\/04\/AssinaturaInstagram2025V2.png","contentUrl":"https:\/\/www.sabra.org.br\/site\/wp-content\/uploads\/2025\/04\/AssinaturaInstagram2025V2.png","width":2560,"height":2505,"caption":"Sociedade Art\u00edstica Brasileira Sabra"},{"@type":"BreadcrumbList","@id":"https:\/\/www.sabra.org.br\/site\/parceiros\/#breadcrumb","itemListElement":[{"@type":"ListItem","position":1,"name":"In\u00edcio","item":"https:\/\/www.sabra.org.br\/site\/"},{"@type":"ListItem","position":2,"name":"Parceiros"}]},{"@type":"WebSite","@id":"https:\/\/www.sabra.org.br\/site\/#website","url":"https:\/\/www.sabra.org.br\/site\/","name":"SABRA - Sociedade Art\u00edstica Brasileira","description":"Escola de M\u00fasica, Orquestra Sinf\u00f4nica, Coral e Patrim\u00f4nio Cultural e Hist\u00f3rico","publisher":{"@id":"https:\/\/www.sabra.org.br\/site\/#organization"},"potentialAction":[{"@type":"SearchAction","target":{"@type":"EntryPoint","urlTemplate":"https:\/\/www.sabra.org.br\/site\/?s={search_term_string}"},"query-input":{"@type":"PropertyValueSpecification","valueRequired":true,"valueName":"search_term_string"}}],"inLanguage":"pt-BR"},{"@type":"Organization","@id":"https:\/\/www.sabra.org.br\/site\/#organization","name":"SOCIEDADE ART\u00cdSTICA BRASILEIRA SABRA","alternateName":"SABRA","url":"https:\/\/www.sabra.org.br\/site\/","logo":{"@type":"ImageObject","inLanguage":"pt-BR","@id":"https:\/\/www.sabra.org.br\/site\/#\/schema\/logo\/image\/","url":"https:\/\/www.sabra.org.br\/site\/wp-content\/uploads\/2019\/06\/cropped-Logo_SABRA-Copia-1.webp","contentUrl":"https:\/\/www.sabra.org.br\/site\/wp-content\/uploads\/2019\/06\/cropped-Logo_SABRA-Copia-1.webp","width":400,"height":128,"caption":"SOCIEDADE ART\u00cdSTICA BRASILEIRA SABRA"},"image":{"@id":"https:\/\/www.sabra.org.br\/site\/#\/schema\/logo\/image\/"},"sameAs":["https:\/\/www.facebook.com\/sabrabrasil","https:\/\/x.com\/ContatoSabra","https:\/\/www.instagram.com\/sabrabrasil\/","https:\/\/www.linkedin.com\/company\/25002088\/","https:\/\/br.pinterest.com\/sociedadeartisticabrasileira\/","https:\/\/www.youtube.com\/c\/sabrabrasil"]}]}},"jetpack_shortlink":"https:\/\/wp.me\/P95j2Z-s","jetpack-related-posts":[{"id":13,"url":"https:\/\/www.sabra.org.br\/site\/","url_meta":{"origin":28,"position":0},"title":"Sociedade Art\u00edstica Brasileira &#8211; SABRA","author":"M\u00e1rcio Miranda Pontes","date":"23 de maio de 2016","format":false,"excerpt":"Promover a inclus\u00e3o e integra\u00e7\u00e3o social e a preserva\u00e7\u00e3o do patrim\u00f4nio cultural brasileiro de forma gratuita e continuada.","rel":"","context":"Post similar","block_context":{"text":"Post similar","link":""},"img":{"alt_text":"escola-m\u00fasica-sabra-audi\u00e7\u00e3o-irpf","src":"https:\/\/i0.wp.com\/www.sabra.org.br\/site\/wp-content\/uploads\/2024\/12\/audicao-alunos.jpg?resize=350%2C200&ssl=1","width":350,"height":200,"srcset":"https:\/\/i0.wp.com\/www.sabra.org.br\/site\/wp-content\/uploads\/2024\/12\/audicao-alunos.jpg?resize=350%2C200&ssl=1 1x, https:\/\/i0.wp.com\/www.sabra.org.br\/site\/wp-content\/uploads\/2024\/12\/audicao-alunos.jpg?resize=525%2C300&ssl=1 1.5x, https:\/\/i0.wp.com\/www.sabra.org.br\/site\/wp-content\/uploads\/2024\/12\/audicao-alunos.jpg?resize=700%2C400&ssl=1 2x"},"classes":[]},{"id":1689,"url":"https:\/\/www.sabra.org.br\/site\/acoes\/escola-de-musica\/blog-sabra\/","url_meta":{"origin":28,"position":1},"title":"Blog SABRA","author":"M\u00e1rcio Miranda Pontes","date":"16 de janeiro de 2019","format":false,"excerpt":"Blog SABRA - Conte\u00fado adicional para alunos da Institui\u00e7\u00e3o.","rel":"","context":"Post similar","block_context":{"text":"Post similar","link":""},"img":{"alt_text":"desenvolvimento-sustent\u00e1vel-objetivo-brasil-blog-sabra","src":"https:\/\/i0.wp.com\/www.sabra.org.br\/site\/wp-content\/uploads\/2021\/06\/a-importancia-da-parceria-global-para-o-desenvolvimento-sustentavel-no-brasil-20210609152644.jpg.jpg?resize=350%2C200&ssl=1","width":350,"height":200,"srcset":"https:\/\/i0.wp.com\/www.sabra.org.br\/site\/wp-content\/uploads\/2021\/06\/a-importancia-da-parceria-global-para-o-desenvolvimento-sustentavel-no-brasil-20210609152644.jpg.jpg?resize=350%2C200&ssl=1 1x, https:\/\/i0.wp.com\/www.sabra.org.br\/site\/wp-content\/uploads\/2021\/06\/a-importancia-da-parceria-global-para-o-desenvolvimento-sustentavel-no-brasil-20210609152644.jpg.jpg?resize=525%2C300&ssl=1 1.5x, https:\/\/i0.wp.com\/www.sabra.org.br\/site\/wp-content\/uploads\/2021\/06\/a-importancia-da-parceria-global-para-o-desenvolvimento-sustentavel-no-brasil-20210609152644.jpg.jpg?resize=700%2C400&ssl=1 2x"},"classes":[]},{"id":2,"url":"https:\/\/www.sabra.org.br\/site\/transparencia\/politica-de-privacidade\/","url_meta":{"origin":28,"position":2},"title":"Pol\u00edtica de Privacidade","author":"M\u00e1rcio Miranda Pontes","date":"23 de maio de 2016","format":false,"excerpt":"Pol\u00edtica de Privacidade Esta Pol\u00edtica de Privacidade descreve as pr\u00e1ticas da Sociedade Art\u00edstica Brasileira, com sede nesta Cidade de Betim, Estado Minas Gerais, a Rua Dr. Silvio Lobo, n\u00b0 171, Angola, CEP 32.604-170, inscrita no CNPJ\/MF sob o n\u00ba 19.442.344\/0001-89, em rela\u00e7\u00e3o aos dados coletados por meio do site www.sabra.org.br,\u2026","rel":"","context":"Post similar","block_context":{"text":"Post similar","link":""},"img":{"alt_text":"Pol\u00edtica de Privacidade","src":"https:\/\/i0.wp.com\/www.sabra.org.br\/site\/wp-content\/uploads\/2019\/04\/binary-1327493__340.jpg?resize=350%2C200&ssl=1","width":350,"height":200},"classes":[]},{"id":16,"url":"https:\/\/www.sabra.org.br\/site\/sabra\/","url_meta":{"origin":28,"position":3},"title":"SABRA","author":"M\u00e1rcio Miranda Pontes","date":"24 de maio de 2016","format":false,"excerpt":"SABRA - Miss\u00e3o, Vis\u00e3o e Valores SABRA \u00b7 Sociedade Art\u00edstica Brasileira Fundada em 2013 \u00b7 Betim\/MG \u00b7 Certifica\u00e7\u00e3o CEBAS Nossa Identidade Somos uma associa\u00e7\u00e3o civil sem fins lucrativos que atua na Regi\u00e3o Metropolitana de Belo Horizonte para levar educa\u00e7\u00e3o musical gratuita, inclusiva e transformadora. Miss\u00e3o Promover a transforma\u00e7\u00e3o social por\u2026","rel":"","context":"Post similar","block_context":{"text":"Post similar","link":""},"img":{"alt_text":"Sabra - Miss\u00e3o, Vis\u00e3o e Valores","src":"https:\/\/i0.wp.com\/www.sabra.org.br\/site\/wp-content\/uploads\/2016\/08\/foto-pagInterna-01-300x150.jpg?resize=350%2C200&ssl=1","width":350,"height":200},"classes":[]},{"id":5426,"url":"https:\/\/www.sabra.org.br\/site\/politica-de-cookies-br\/","url_meta":{"origin":28,"position":4},"title":"Pol\u00edtica de Cookies (BR)","author":"M\u00e1rcio Miranda Pontes","date":"1 de agosto de 2022","format":false,"excerpt":"Pol\u00edtica de Cookies da Sociedade Art\u00edstica Brasileira - SABRA A presente Pol\u00edtica de Cookies \u00e9 um documento complementar \u00e0 Pol\u00edtica de Privacidade da Sociedade Art\u00edstica Brasileira - SABRA, dispon\u00edvel neste link: Pol\u00edtica de Privacidade.\u00a0Aqui, voc\u00ea encontrar\u00e1 informa\u00e7\u00f5es objetivas e claras sobre o que s\u00e3o Cookies, quais Cookies utilizamos em nossas\u2026","rel":"","context":"Post similar","block_context":{"text":"Post similar","link":""},"img":{"alt_text":"","src":"","width":0,"height":0},"classes":[]},{"id":3030,"url":"https:\/\/www.sabra.org.br\/site\/acoes\/escola-de-musica\/video-aulas\/","url_meta":{"origin":28,"position":5},"title":"V\u00eddeo aulas","author":"M\u00e1rcio Miranda Pontes","date":"25 de agosto de 2020","format":false,"excerpt":"V\u00eddeo aulas gratuitas de m\u00fasica para iniciantes. Projeto realizado com recursos da Lei Federal de Incentivo \u00e0 Cultura - \"Plano Bianual SABRA 2020-2021\" PRONAC 192960 - Patroc\u00ednio Master: Instituto Unimed-BH - Patroc\u00ednio: Vallourec - Apoio: Sicoob Credicom, Secretaria Municipal de Educa\u00e7\u00e3o de Betim, Secretaria Municipal de Educa\u00e7\u00e3o de Nova Lima,\u2026","rel":"","context":"Post similar","block_context":{"text":"Post similar","link":""},"img":{"alt_text":"","src":"https:\/\/i0.wp.com\/www.sabra.org.br\/site\/wp-content\/uploads\/2024\/10\/AssinaturaVideoAulas.jpg?resize=350%2C200&ssl=1","width":350,"height":200,"srcset":"https:\/\/i0.wp.com\/www.sabra.org.br\/site\/wp-content\/uploads\/2024\/10\/AssinaturaVideoAulas.jpg?resize=350%2C200&ssl=1 1x, https:\/\/i0.wp.com\/www.sabra.org.br\/site\/wp-content\/uploads\/2024\/10\/AssinaturaVideoAulas.jpg?resize=525%2C300&ssl=1 1.5x, https:\/\/i0.wp.com\/www.sabra.org.br\/site\/wp-content\/uploads\/2024\/10\/AssinaturaVideoAulas.jpg?resize=700%2C400&ssl=1 2x, https:\/\/i0.wp.com\/www.sabra.org.br\/site\/wp-content\/uploads\/2024\/10\/AssinaturaVideoAulas.jpg?resize=1050%2C600&ssl=1 3x, https:\/\/i0.wp.com\/www.sabra.org.br\/site\/wp-content\/uploads\/2024\/10\/AssinaturaVideoAulas.jpg?resize=1400%2C800&ssl=1 4x"},"classes":[]}],"jetpack_likes_enabled":true,"jetpack_sharing_enabled":true,"_links":{"self":[{"href":"https:\/\/www.sabra.org.br\/site\/wp-json\/wp\/v2\/pages\/28","targetHints":{"allow":["GET"]}}],"collection":[{"href":"https:\/\/www.sabra.org.br\/site\/wp-json\/wp\/v2\/pages"}],"about":[{"href":"https:\/\/www.sabra.org.br\/site\/wp-json\/wp\/v2\/types\/page"}],"author":[{"embeddable":true,"href":"https:\/\/www.sabra.org.br\/site\/wp-json\/wp\/v2\/users\/39"}],"replies":[{"embeddable":true,"href":"https:\/\/www.sabra.org.br\/site\/wp-json\/wp\/v2\/comments?post=28"}],"version-history":[{"count":0,"href":"https:\/\/www.sabra.org.br\/site\/wp-json\/wp\/v2\/pages\/28\/revisions"}],"wp:attachment":[{"href":"https:\/\/www.sabra.org.br\/site\/wp-json\/wp\/v2\/media?parent=28"}],"curies":[{"name":"wp","href":"https:\/\/api.w.org\/{rel}","templated":true}]}}