{"id":78,"date":"2016-07-04T14:20:22","date_gmt":"2016-07-04T17:20:22","guid":{"rendered":"http:\/\/www.sabra.org.br\/site\/?page_id=78"},"modified":"2025-10-07T20:15:12","modified_gmt":"2025-10-07T23:15:12","slug":"musica-na-escola","status":"publish","type":"page","link":"https:\/\/www.sabra.org.br\/site\/acoes\/escola-de-musica\/musica-na-escola\/","title":{"rendered":"M\u00fasica na Escola"},"content":{"rendered":"\t\t<div data-elementor-type=\"wp-page\" data-elementor-id=\"78\" class=\"elementor elementor-78\">\n\t\t\t\t<div class=\"elementor-element elementor-element-2befd3e3 e-flex e-con-boxed e-con e-parent\" data-id=\"2befd3e3\" data-element_type=\"container\" data-e-type=\"container\">\n\t\t\t\t\t<div class=\"e-con-inner\">\n\t\t\t\t<div class=\"elementor-element elementor-element-437efce9 elementor-widget elementor-widget-text-editor\" data-id=\"437efce9\" data-element_type=\"widget\" data-e-type=\"widget\" data-widget_type=\"text-editor.default\">\n\t\t\t\t\t\t\t\t\t<h3>M\u00fasica na Escola<\/h3><p>O Curso M\u00fasica e Coral vem ao encontro da necessidade de forma\u00e7\u00e3o, qualifica\u00e7\u00e3o e especializa\u00e7\u00e3o de professores do ensino regular, capacitando-os para atuar com qualidade na pr\u00e1tica musical, art\u00edstica e did\u00e1tico-pedag\u00f3gica em corais, sala de aula e grupos musicais.<\/p><p>Seu conte\u00fado program\u00e1tico busca promover a valoriza\u00e7\u00e3o do canto coral e da m\u00fasica na escola como importantes fatores de desenvolvimento cultural, humano, social e econ\u00f4mico. De 2013 a 2016 o curso atendeu a 251 professores da rede p\u00fablica municipal e estadual de Betim.<\/p><p><img fetchpriority=\"high\" decoding=\"async\" data-attachment-id=\"227\" data-permalink=\"https:\/\/www.sabra.org.br\/site\/acoes\/escola-de-musica\/musica-na-escola\/musicaecoral\/\" data-orig-file=\"https:\/\/www.sabra.org.br\/site\/wp-content\/uploads\/2016\/07\/musicaecoral.jpg\" data-orig-size=\"441,329\" data-comments-opened=\"1\" data-image-meta=\"{&quot;aperture&quot;:&quot;0&quot;,&quot;credit&quot;:&quot;&quot;,&quot;camera&quot;:&quot;&quot;,&quot;caption&quot;:&quot;&quot;,&quot;created_timestamp&quot;:&quot;0&quot;,&quot;copyright&quot;:&quot;&quot;,&quot;focal_length&quot;:&quot;0&quot;,&quot;iso&quot;:&quot;0&quot;,&quot;shutter_speed&quot;:&quot;0&quot;,&quot;title&quot;:&quot;&quot;,&quot;orientation&quot;:&quot;0&quot;}\" data-image-title=\"musicaecoral\" data-image-description=\"&lt;p&gt;M\u00e1rcio Miranda Pontes&lt;\/p&gt;\n\" data-image-caption=\"&lt;p&gt;Sociedade Art\u00edstica Brasileira SABRA&lt;\/p&gt;\n\" data-large-file=\"https:\/\/www.sabra.org.br\/site\/wp-content\/uploads\/2016\/07\/musicaecoral.jpg\" class=\"size-medium wp-image-227 aligncenter\" src=\"https:\/\/www.sabra.org.br\/site\/wp-content\/uploads\/2016\/07\/musicaecoral-300x224.jpg\" alt=\"M\u00fasica e Coral Escola\" width=\"300\" height=\"224\" srcset=\"https:\/\/www.sabra.org.br\/site\/wp-content\/uploads\/2016\/07\/musicaecoral-300x224.jpg 300w, https:\/\/www.sabra.org.br\/site\/wp-content\/uploads\/2016\/07\/musicaecoral.jpg 441w\" sizes=\"(max-width: 300px) 100vw, 300px\" \/><\/p><p>Conhe\u00e7a e curta a\u00a0<em>fan page<\/em> do projeto:<\/p><p><a href=\"https:\/\/www.facebook.com\/oficinamusicalmmp\/\" target=\"_blank\" rel=\"noopener noreferrer\"><img decoding=\"async\" data-attachment-id=\"232\" data-permalink=\"https:\/\/www.sabra.org.br\/site\/acoes\/escola-de-musica\/facebook-icon\/\" data-orig-file=\"https:\/\/www.sabra.org.br\/site\/wp-content\/uploads\/2016\/07\/facebook-icon.jpg\" data-orig-size=\"64,64\" data-comments-opened=\"1\" data-image-meta=\"{&quot;aperture&quot;:&quot;0&quot;,&quot;credit&quot;:&quot;&quot;,&quot;camera&quot;:&quot;&quot;,&quot;caption&quot;:&quot;&quot;,&quot;created_timestamp&quot;:&quot;0&quot;,&quot;copyright&quot;:&quot;&quot;,&quot;focal_length&quot;:&quot;0&quot;,&quot;iso&quot;:&quot;0&quot;,&quot;shutter_speed&quot;:&quot;0&quot;,&quot;title&quot;:&quot;&quot;,&quot;orientation&quot;:&quot;0&quot;}\" data-image-title=\"facebook icon\" data-image-description=\"\" data-image-caption=\"\" data-large-file=\"https:\/\/www.sabra.org.br\/site\/wp-content\/uploads\/2016\/07\/facebook-icon.jpg\" class=\"alignnone wp-image-232 size-full\" src=\"https:\/\/www.sabra.org.br\/site\/wp-content\/uploads\/2016\/07\/facebook-icon.jpg\" alt=\"facebook icon\" width=\"64\" height=\"64\" \/><\/a><\/p>\t\t\t\t\t\t\t\t<\/div>\n\t\t\t\t\t<\/div>\n\t\t\t\t<\/div>\n\t\t\t\t<\/div>\n\t\t<div class=\"gsp_post_data\" \r\n\t            data-post_type=\"page\" \r\n\t            data-cat=\"\" \r\n\t            data-modified=\"120\"\r\n\t            data-created=\"1467642022\"\r\n\t            data-title=\"M\u00fasica na Escola\" \r\n\t            data-home=\"https:\/\/www.sabra.org.br\/site\"><\/div>","protected":false},"excerpt":{"rendered":"<p>M\u00fasica na Escola O Curso M\u00fasica e Coral vem ao encontro da necessidade de forma\u00e7\u00e3o, qualifica\u00e7\u00e3o e especializa\u00e7\u00e3o de professores do ensino regular, capacitando-os para&hellip;<\/p>\n","protected":false},"author":39,"featured_media":227,"parent":67,"menu_order":0,"comment_status":"closed","ping_status":"closed","template":"","meta":{"jetpack_post_was_ever_published":false,"footnotes":""},"class_list":["post-78","page","type-page","status-publish","has-post-thumbnail","hentry"],"yoast_head":"<!-- This site is optimized with the Yoast SEO plugin v27.4 - https:\/\/yoast.com\/product\/yoast-seo-wordpress\/ -->\n<title>M\u00fasica na Escola - SABRA - Sociedade Art\u00edstica Brasileira<\/title>\n<meta name=\"description\" content=\"O Curso M\u00fasica e Coral vem ao encontro da necessidade de qualifica\u00e7\u00e3o e especializa\u00e7\u00e3o de professores capacitando-os para atuar na escola com m\u00fasica.\" \/>\n<meta name=\"robots\" content=\"index, follow, max-snippet:-1, max-image-preview:large, max-video-preview:-1\" \/>\n<link rel=\"canonical\" href=\"https:\/\/www.sabra.org.br\/site\/acoes\/escola-de-musica\/musica-na-escola\/\" \/>\n<meta property=\"og:locale\" content=\"pt_BR\" \/>\n<meta property=\"og:type\" content=\"article\" \/>\n<meta property=\"og:title\" content=\"M\u00fasica na Escola - SABRA - Sociedade Art\u00edstica Brasileira\" \/>\n<meta property=\"og:description\" content=\"O Curso M\u00fasica e Coral vem ao encontro da necessidade de qualifica\u00e7\u00e3o e especializa\u00e7\u00e3o de professores capacitando-os para atuar na escola com m\u00fasica.\" \/>\n<meta property=\"og:url\" content=\"https:\/\/www.sabra.org.br\/site\/acoes\/escola-de-musica\/musica-na-escola\/\" \/>\n<meta property=\"og:site_name\" content=\"SABRA - Sociedade Art\u00edstica Brasileira\" \/>\n<meta property=\"article:publisher\" content=\"https:\/\/www.facebook.com\/sabrabrasil\" \/>\n<meta property=\"article:modified_time\" content=\"2025-10-07T23:15:12+00:00\" \/>\n<meta property=\"og:image\" content=\"https:\/\/www.sabra.org.br\/site\/wp-content\/uploads\/2016\/07\/musicaecoral.jpg\" \/>\n\t<meta property=\"og:image:width\" content=\"441\" \/>\n\t<meta property=\"og:image:height\" content=\"329\" \/>\n\t<meta property=\"og:image:type\" content=\"image\/jpeg\" \/>\n<meta name=\"twitter:card\" content=\"summary_large_image\" \/>\n<meta name=\"twitter:site\" content=\"@ContatoSabra\" \/>\n<meta name=\"twitter:label1\" content=\"Est. tempo de leitura\" \/>\n\t<meta name=\"twitter:data1\" content=\"1 minuto\" \/>\n<script type=\"application\/ld+json\" class=\"yoast-schema-graph\">{\"@context\":\"https:\\\/\\\/schema.org\",\"@graph\":[{\"@type\":\"WebPage\",\"@id\":\"https:\\\/\\\/www.sabra.org.br\\\/site\\\/acoes\\\/escola-de-musica\\\/musica-na-escola\\\/\",\"url\":\"https:\\\/\\\/www.sabra.org.br\\\/site\\\/acoes\\\/escola-de-musica\\\/musica-na-escola\\\/\",\"name\":\"M\u00fasica na Escola - SABRA - Sociedade Art\u00edstica Brasileira\",\"isPartOf\":{\"@id\":\"https:\\\/\\\/www.sabra.org.br\\\/site\\\/#website\"},\"primaryImageOfPage\":{\"@id\":\"https:\\\/\\\/www.sabra.org.br\\\/site\\\/acoes\\\/escola-de-musica\\\/musica-na-escola\\\/#primaryimage\"},\"image\":{\"@id\":\"https:\\\/\\\/www.sabra.org.br\\\/site\\\/acoes\\\/escola-de-musica\\\/musica-na-escola\\\/#primaryimage\"},\"thumbnailUrl\":\"https:\\\/\\\/www.sabra.org.br\\\/site\\\/wp-content\\\/uploads\\\/2016\\\/07\\\/musicaecoral.jpg\",\"datePublished\":\"2016-07-04T17:20:22+00:00\",\"dateModified\":\"2025-10-07T23:15:12+00:00\",\"description\":\"O Curso M\u00fasica e Coral vem ao encontro da necessidade de qualifica\u00e7\u00e3o e especializa\u00e7\u00e3o de professores capacitando-os para atuar na escola com m\u00fasica.\",\"breadcrumb\":{\"@id\":\"https:\\\/\\\/www.sabra.org.br\\\/site\\\/acoes\\\/escola-de-musica\\\/musica-na-escola\\\/#breadcrumb\"},\"inLanguage\":\"pt-BR\",\"potentialAction\":[{\"@type\":\"ReadAction\",\"target\":[\"https:\\\/\\\/www.sabra.org.br\\\/site\\\/acoes\\\/escola-de-musica\\\/musica-na-escola\\\/\"]}]},{\"@type\":\"ImageObject\",\"inLanguage\":\"pt-BR\",\"@id\":\"https:\\\/\\\/www.sabra.org.br\\\/site\\\/acoes\\\/escola-de-musica\\\/musica-na-escola\\\/#primaryimage\",\"url\":\"https:\\\/\\\/www.sabra.org.br\\\/site\\\/wp-content\\\/uploads\\\/2016\\\/07\\\/musicaecoral.jpg\",\"contentUrl\":\"https:\\\/\\\/www.sabra.org.br\\\/site\\\/wp-content\\\/uploads\\\/2016\\\/07\\\/musicaecoral.jpg\",\"width\":441,\"height\":329,\"caption\":\"Sociedade Art\u00edstica Brasileira SABRA\"},{\"@type\":\"BreadcrumbList\",\"@id\":\"https:\\\/\\\/www.sabra.org.br\\\/site\\\/acoes\\\/escola-de-musica\\\/musica-na-escola\\\/#breadcrumb\",\"itemListElement\":[{\"@type\":\"ListItem\",\"position\":1,\"name\":\"In\u00edcio\",\"item\":\"https:\\\/\\\/www.sabra.org.br\\\/site\\\/\"},{\"@type\":\"ListItem\",\"position\":2,\"name\":\"A\u00e7\u00f5es\",\"item\":\"https:\\\/\\\/www.sabra.org.br\\\/site\\\/acoes\\\/\"},{\"@type\":\"ListItem\",\"position\":3,\"name\":\"Escola de M\u00fasica SABRA\",\"item\":\"https:\\\/\\\/www.sabra.org.br\\\/site\\\/acoes\\\/escola-de-musica\\\/\"},{\"@type\":\"ListItem\",\"position\":4,\"name\":\"M\u00fasica na Escola\"}]},{\"@type\":\"WebSite\",\"@id\":\"https:\\\/\\\/www.sabra.org.br\\\/site\\\/#website\",\"url\":\"https:\\\/\\\/www.sabra.org.br\\\/site\\\/\",\"name\":\"SABRA - Sociedade Art\u00edstica Brasileira\",\"description\":\"Escola de M\u00fasica, Orquestra Sinf\u00f4nica, Coral e Patrim\u00f4nio Cultural e Hist\u00f3rico\",\"publisher\":{\"@id\":\"https:\\\/\\\/www.sabra.org.br\\\/site\\\/#organization\"},\"potentialAction\":[{\"@type\":\"SearchAction\",\"target\":{\"@type\":\"EntryPoint\",\"urlTemplate\":\"https:\\\/\\\/www.sabra.org.br\\\/site\\\/?s={search_term_string}\"},\"query-input\":{\"@type\":\"PropertyValueSpecification\",\"valueRequired\":true,\"valueName\":\"search_term_string\"}}],\"inLanguage\":\"pt-BR\"},{\"@type\":\"Organization\",\"@id\":\"https:\\\/\\\/www.sabra.org.br\\\/site\\\/#organization\",\"name\":\"SOCIEDADE ART\u00cdSTICA BRASILEIRA SABRA\",\"alternateName\":\"SABRA\",\"url\":\"https:\\\/\\\/www.sabra.org.br\\\/site\\\/\",\"logo\":{\"@type\":\"ImageObject\",\"inLanguage\":\"pt-BR\",\"@id\":\"https:\\\/\\\/www.sabra.org.br\\\/site\\\/#\\\/schema\\\/logo\\\/image\\\/\",\"url\":\"https:\\\/\\\/www.sabra.org.br\\\/site\\\/wp-content\\\/uploads\\\/2019\\\/06\\\/cropped-Logo_SABRA-Copia-1.webp\",\"contentUrl\":\"https:\\\/\\\/www.sabra.org.br\\\/site\\\/wp-content\\\/uploads\\\/2019\\\/06\\\/cropped-Logo_SABRA-Copia-1.webp\",\"width\":400,\"height\":128,\"caption\":\"SOCIEDADE ART\u00cdSTICA BRASILEIRA SABRA\"},\"image\":{\"@id\":\"https:\\\/\\\/www.sabra.org.br\\\/site\\\/#\\\/schema\\\/logo\\\/image\\\/\"},\"sameAs\":[\"https:\\\/\\\/www.facebook.com\\\/sabrabrasil\",\"https:\\\/\\\/x.com\\\/ContatoSabra\",\"https:\\\/\\\/www.instagram.com\\\/sabrabrasil\\\/\",\"https:\\\/\\\/www.linkedin.com\\\/company\\\/25002088\\\/\",\"https:\\\/\\\/br.pinterest.com\\\/sociedadeartisticabrasileira\\\/\",\"https:\\\/\\\/www.youtube.com\\\/c\\\/sabrabrasil\"]}]}<\/script>\n<!-- \/ Yoast SEO plugin. -->","yoast_head_json":{"title":"M\u00fasica na Escola - SABRA - Sociedade Art\u00edstica Brasileira","description":"O Curso M\u00fasica e Coral vem ao encontro da necessidade de qualifica\u00e7\u00e3o e especializa\u00e7\u00e3o de professores capacitando-os para atuar na escola com m\u00fasica.","robots":{"index":"index","follow":"follow","max-snippet":"max-snippet:-1","max-image-preview":"max-image-preview:large","max-video-preview":"max-video-preview:-1"},"canonical":"https:\/\/www.sabra.org.br\/site\/acoes\/escola-de-musica\/musica-na-escola\/","og_locale":"pt_BR","og_type":"article","og_title":"M\u00fasica na Escola - SABRA - Sociedade Art\u00edstica Brasileira","og_description":"O Curso M\u00fasica e Coral vem ao encontro da necessidade de qualifica\u00e7\u00e3o e especializa\u00e7\u00e3o de professores capacitando-os para atuar na escola com m\u00fasica.","og_url":"https:\/\/www.sabra.org.br\/site\/acoes\/escola-de-musica\/musica-na-escola\/","og_site_name":"SABRA - Sociedade Art\u00edstica Brasileira","article_publisher":"https:\/\/www.facebook.com\/sabrabrasil","article_modified_time":"2025-10-07T23:15:12+00:00","og_image":[{"width":441,"height":329,"url":"https:\/\/www.sabra.org.br\/site\/wp-content\/uploads\/2016\/07\/musicaecoral.jpg","type":"image\/jpeg"}],"twitter_card":"summary_large_image","twitter_site":"@ContatoSabra","twitter_misc":{"Est. tempo de leitura":"1 minuto"},"schema":{"@context":"https:\/\/schema.org","@graph":[{"@type":"WebPage","@id":"https:\/\/www.sabra.org.br\/site\/acoes\/escola-de-musica\/musica-na-escola\/","url":"https:\/\/www.sabra.org.br\/site\/acoes\/escola-de-musica\/musica-na-escola\/","name":"M\u00fasica na Escola - SABRA - Sociedade Art\u00edstica Brasileira","isPartOf":{"@id":"https:\/\/www.sabra.org.br\/site\/#website"},"primaryImageOfPage":{"@id":"https:\/\/www.sabra.org.br\/site\/acoes\/escola-de-musica\/musica-na-escola\/#primaryimage"},"image":{"@id":"https:\/\/www.sabra.org.br\/site\/acoes\/escola-de-musica\/musica-na-escola\/#primaryimage"},"thumbnailUrl":"https:\/\/www.sabra.org.br\/site\/wp-content\/uploads\/2016\/07\/musicaecoral.jpg","datePublished":"2016-07-04T17:20:22+00:00","dateModified":"2025-10-07T23:15:12+00:00","description":"O Curso M\u00fasica e Coral vem ao encontro da necessidade de qualifica\u00e7\u00e3o e especializa\u00e7\u00e3o de professores capacitando-os para atuar na escola com m\u00fasica.","breadcrumb":{"@id":"https:\/\/www.sabra.org.br\/site\/acoes\/escola-de-musica\/musica-na-escola\/#breadcrumb"},"inLanguage":"pt-BR","potentialAction":[{"@type":"ReadAction","target":["https:\/\/www.sabra.org.br\/site\/acoes\/escola-de-musica\/musica-na-escola\/"]}]},{"@type":"ImageObject","inLanguage":"pt-BR","@id":"https:\/\/www.sabra.org.br\/site\/acoes\/escola-de-musica\/musica-na-escola\/#primaryimage","url":"https:\/\/www.sabra.org.br\/site\/wp-content\/uploads\/2016\/07\/musicaecoral.jpg","contentUrl":"https:\/\/www.sabra.org.br\/site\/wp-content\/uploads\/2016\/07\/musicaecoral.jpg","width":441,"height":329,"caption":"Sociedade Art\u00edstica Brasileira SABRA"},{"@type":"BreadcrumbList","@id":"https:\/\/www.sabra.org.br\/site\/acoes\/escola-de-musica\/musica-na-escola\/#breadcrumb","itemListElement":[{"@type":"ListItem","position":1,"name":"In\u00edcio","item":"https:\/\/www.sabra.org.br\/site\/"},{"@type":"ListItem","position":2,"name":"A\u00e7\u00f5es","item":"https:\/\/www.sabra.org.br\/site\/acoes\/"},{"@type":"ListItem","position":3,"name":"Escola de M\u00fasica SABRA","item":"https:\/\/www.sabra.org.br\/site\/acoes\/escola-de-musica\/"},{"@type":"ListItem","position":4,"name":"M\u00fasica na Escola"}]},{"@type":"WebSite","@id":"https:\/\/www.sabra.org.br\/site\/#website","url":"https:\/\/www.sabra.org.br\/site\/","name":"SABRA - Sociedade Art\u00edstica Brasileira","description":"Escola de M\u00fasica, Orquestra Sinf\u00f4nica, Coral e Patrim\u00f4nio Cultural e Hist\u00f3rico","publisher":{"@id":"https:\/\/www.sabra.org.br\/site\/#organization"},"potentialAction":[{"@type":"SearchAction","target":{"@type":"EntryPoint","urlTemplate":"https:\/\/www.sabra.org.br\/site\/?s={search_term_string}"},"query-input":{"@type":"PropertyValueSpecification","valueRequired":true,"valueName":"search_term_string"}}],"inLanguage":"pt-BR"},{"@type":"Organization","@id":"https:\/\/www.sabra.org.br\/site\/#organization","name":"SOCIEDADE ART\u00cdSTICA BRASILEIRA SABRA","alternateName":"SABRA","url":"https:\/\/www.sabra.org.br\/site\/","logo":{"@type":"ImageObject","inLanguage":"pt-BR","@id":"https:\/\/www.sabra.org.br\/site\/#\/schema\/logo\/image\/","url":"https:\/\/www.sabra.org.br\/site\/wp-content\/uploads\/2019\/06\/cropped-Logo_SABRA-Copia-1.webp","contentUrl":"https:\/\/www.sabra.org.br\/site\/wp-content\/uploads\/2019\/06\/cropped-Logo_SABRA-Copia-1.webp","width":400,"height":128,"caption":"SOCIEDADE ART\u00cdSTICA BRASILEIRA SABRA"},"image":{"@id":"https:\/\/www.sabra.org.br\/site\/#\/schema\/logo\/image\/"},"sameAs":["https:\/\/www.facebook.com\/sabrabrasil","https:\/\/x.com\/ContatoSabra","https:\/\/www.instagram.com\/sabrabrasil\/","https:\/\/www.linkedin.com\/company\/25002088\/","https:\/\/br.pinterest.com\/sociedadeartisticabrasileira\/","https:\/\/www.youtube.com\/c\/sabrabrasil"]}]}},"jetpack_shortlink":"https:\/\/wp.me\/P95j2Z-1g","jetpack-related-posts":[{"id":20,"url":"https:\/\/www.sabra.org.br\/site\/editais\/","url_meta":{"origin":78,"position":0},"title":"Editais","author":"M\u00e1rcio Miranda Pontes","date":"24 de maio de 2016","format":false,"excerpt":"Editais Aqui voc\u00ea encontra informa\u00e7\u00f5es dos editais e sobre a inscri\u00e7\u00e3o em a\u00e7\u00f5es desenvolvidas pela SABRA. Editais 2026 \u00a0 EDITAL SABRA 001\/2026INSCRI\u00c7\u00c3O DE CANDIDATOS PARA O PREENCHIMENTO DE VAGAS NO PROJETO \"PLANO QUADRIENAL SABRA 2026-2029\" - PRONAC 254770subprojetos \u201cCurso de Musicaliza\u00e7\u00e3o e Curso de Coral Infantil\u201dClique aqui\u00a0 EDITAL SABRA 002\/2026SELE\u00c7\u00c3O\u2026","rel":"","context":"Post similar","block_context":{"text":"Post similar","link":""},"img":{"alt_text":"","src":"","width":0,"height":0},"classes":[]},{"id":437,"url":"https:\/\/www.sabra.org.br\/site\/acoes\/agenda\/","url_meta":{"origin":78,"position":1},"title":"Agenda","author":"M\u00e1rcio Miranda Pontes","date":"21 de abril de 2017","format":false,"excerpt":"Agenda Cultural SABRA 2026 Atualiza\u00e7\u00e3o mensal dispon\u00edvel at\u00e9 o dia 15 do m\u00eas anterior \u00e0 programa\u00e7\u00e3o.Todas as atividades s\u00e3o gratuitas, com entrada sujeita \u00e0 lota\u00e7\u00e3o dos espa\u00e7os. Classifica\u00e7\u00e3o indicativa: Livre. MAR\u00c7O20 \u2013 M\u00fasica Viva \u2013 Orquestra Jovem Sabra\/Betim \u2013 CRAS Alterosas II \u2013 Rua Jamour, 81, Jardim Alterosas, Betim -\u2026","rel":"","context":"Post similar","block_context":{"text":"Post similar","link":""},"img":{"alt_text":"sabra-m\u00fasica-concerto-coral-betim-reg\u00eancia-unimed-bh-sinf\u00f4nica infantil-municipal-escolas-grupos-ponta-c\u00e2mara-did\u00e1tico-agenda","src":"https:\/\/i0.wp.com\/www.sabra.org.br\/site\/wp-content\/uploads\/2023\/09\/Capa-Agenda-scaled.webp?resize=350%2C200&ssl=1","width":350,"height":200,"srcset":"https:\/\/i0.wp.com\/www.sabra.org.br\/site\/wp-content\/uploads\/2023\/09\/Capa-Agenda-scaled.webp?resize=350%2C200&ssl=1 1x, https:\/\/i0.wp.com\/www.sabra.org.br\/site\/wp-content\/uploads\/2023\/09\/Capa-Agenda-scaled.webp?resize=525%2C300&ssl=1 1.5x, https:\/\/i0.wp.com\/www.sabra.org.br\/site\/wp-content\/uploads\/2023\/09\/Capa-Agenda-scaled.webp?resize=700%2C400&ssl=1 2x, https:\/\/i0.wp.com\/www.sabra.org.br\/site\/wp-content\/uploads\/2023\/09\/Capa-Agenda-scaled.webp?resize=1050%2C600&ssl=1 3x, https:\/\/i0.wp.com\/www.sabra.org.br\/site\/wp-content\/uploads\/2023\/09\/Capa-Agenda-scaled.webp?resize=1400%2C800&ssl=1 4x"},"classes":[]},{"id":67,"url":"https:\/\/www.sabra.org.br\/site\/acoes\/escola-de-musica\/","url_meta":{"origin":78,"position":2},"title":"Escola de M\u00fasica SABRA","author":"M\u00e1rcio Miranda Pontes","date":"4 de julho de 2016","format":false,"excerpt":"Escola de M\u00fasica SABRA A Escola de M\u00fasica SABRA pauta seu trabalho na defesa dos direitos das crian\u00e7as, dos adolescentes, dos jovens, dos adultos e da terceira idade e se destaca por estimular em seus alunos o pensamento amplo sobre a m\u00fasica, a arte, a cidadania e a responsabilidade social\u2026","rel":"","context":"Post similar","block_context":{"text":"Post similar","link":""},"img":{"alt_text":"Musicaliza\u00e7\u00e3o Infantil Escola de M\u00fasica","src":"https:\/\/i0.wp.com\/www.sabra.org.br\/site\/wp-content\/uploads\/2019\/01\/Musicaliza%C3%A7%C3%A3o.jpg?resize=350%2C200&ssl=1","width":350,"height":200,"srcset":"https:\/\/i0.wp.com\/www.sabra.org.br\/site\/wp-content\/uploads\/2019\/01\/Musicaliza%C3%A7%C3%A3o.jpg?resize=350%2C200&ssl=1 1x, https:\/\/i0.wp.com\/www.sabra.org.br\/site\/wp-content\/uploads\/2019\/01\/Musicaliza%C3%A7%C3%A3o.jpg?resize=525%2C300&ssl=1 1.5x, https:\/\/i0.wp.com\/www.sabra.org.br\/site\/wp-content\/uploads\/2019\/01\/Musicaliza%C3%A7%C3%A3o.jpg?resize=700%2C400&ssl=1 2x"},"classes":[]},{"id":72,"url":"https:\/\/www.sabra.org.br\/site\/gruposartisticos\/corais\/","url_meta":{"origin":78,"position":3},"title":"Corais","author":"M\u00e1rcio Miranda Pontes","date":"4 de julho de 2016","format":false,"excerpt":"Corais O Canto Coral proporciona diversos benef\u00edcios aos praticantes. Seja em escolas, institui\u00e7\u00f5es culturais, igrejas ou empresas auxilia no desenvolvimento cultural, humano, social e econ\u00f4mico. Contribui para a integra\u00e7\u00e3o entre participantes e para a promo\u00e7\u00e3o da sa\u00fade, por meio de uma atividade art\u00edstica que proporciona cultura e lazer \u00e0 comunidade.\u2026","rel":"","context":"Post similar","block_context":{"text":"Post similar","link":""},"img":{"alt_text":"Coral Infantil Credicom","src":"https:\/\/i0.wp.com\/www.sabra.org.br\/site\/wp-content\/uploads\/2019\/05\/credicom.jpg?resize=350%2C200&ssl=1","width":350,"height":200},"classes":[]},{"id":1682,"url":"https:\/\/www.sabra.org.br\/site\/acoes\/escola-de-musica\/formacao-de-plateia\/","url_meta":{"origin":78,"position":4},"title":"Forma\u00e7\u00e3o de Plateia","author":"M\u00e1rcio Miranda Pontes","date":"16 de janeiro de 2019","format":false,"excerpt":"Palestras em escolas p\u00fablicas municipais de Betim e concertos did\u00e1ticos s\u00e3o as principais a\u00e7\u00f5es da SABRA na forma\u00e7\u00e3o de plateia.","rel":"","context":"Post similar","block_context":{"text":"Post similar","link":""},"img":{"alt_text":"Forma\u00e7\u00e3o de plateia","src":"https:\/\/i0.wp.com\/www.sabra.org.br\/site\/wp-content\/uploads\/2017\/05\/IMG_0910.jpg?resize=350%2C200&ssl=1","width":350,"height":200,"srcset":"https:\/\/i0.wp.com\/www.sabra.org.br\/site\/wp-content\/uploads\/2017\/05\/IMG_0910.jpg?resize=350%2C200&ssl=1 1x, https:\/\/i0.wp.com\/www.sabra.org.br\/site\/wp-content\/uploads\/2017\/05\/IMG_0910.jpg?resize=525%2C300&ssl=1 1.5x, https:\/\/i0.wp.com\/www.sabra.org.br\/site\/wp-content\/uploads\/2017\/05\/IMG_0910.jpg?resize=700%2C400&ssl=1 2x, https:\/\/i0.wp.com\/www.sabra.org.br\/site\/wp-content\/uploads\/2017\/05\/IMG_0910.jpg?resize=1050%2C600&ssl=1 3x, https:\/\/i0.wp.com\/www.sabra.org.br\/site\/wp-content\/uploads\/2017\/05\/IMG_0910.jpg?resize=1400%2C800&ssl=1 4x"},"classes":[]},{"id":18,"url":"https:\/\/www.sabra.org.br\/site\/acoes\/","url_meta":{"origin":78,"position":5},"title":"A\u00e7\u00f5es","author":"M\u00e1rcio Miranda Pontes","date":"24 de maio de 2016","format":false,"excerpt":"A\u00e7\u00f5es da SABRA Com o intuito de fomentar a cria\u00e7\u00e3o, instala\u00e7\u00e3o, manuten\u00e7\u00e3o e desenvolvimento de programas e projetos de natureza art\u00edstica, cultural e social, a SABRA desenvolve e apoia v\u00e1rias a\u00e7\u00f5es. Conhe\u00e7a cada uma delas. Agenda Corais Coro e Orquestra de C\u00e2mara Edi\u00e7\u00e3o de Manuscritos Musicais Escola de M\u00fasica SABRA\u2026","rel":"","context":"Post similar","block_context":{"text":"Post similar","link":""},"img":{"alt_text":"","src":"","width":0,"height":0},"classes":[]}],"jetpack_likes_enabled":true,"jetpack_sharing_enabled":true,"_links":{"self":[{"href":"https:\/\/www.sabra.org.br\/site\/wp-json\/wp\/v2\/pages\/78","targetHints":{"allow":["GET"]}}],"collection":[{"href":"https:\/\/www.sabra.org.br\/site\/wp-json\/wp\/v2\/pages"}],"about":[{"href":"https:\/\/www.sabra.org.br\/site\/wp-json\/wp\/v2\/types\/page"}],"author":[{"embeddable":true,"href":"https:\/\/www.sabra.org.br\/site\/wp-json\/wp\/v2\/users\/39"}],"replies":[{"embeddable":true,"href":"https:\/\/www.sabra.org.br\/site\/wp-json\/wp\/v2\/comments?post=78"}],"version-history":[{"count":0,"href":"https:\/\/www.sabra.org.br\/site\/wp-json\/wp\/v2\/pages\/78\/revisions"}],"up":[{"embeddable":true,"href":"https:\/\/www.sabra.org.br\/site\/wp-json\/wp\/v2\/pages\/67"}],"wp:featuredmedia":[{"embeddable":true,"href":"https:\/\/www.sabra.org.br\/site\/wp-json\/wp\/v2\/media\/227"}],"wp:attachment":[{"href":"https:\/\/www.sabra.org.br\/site\/wp-json\/wp\/v2\/media?parent=78"}],"curies":[{"name":"wp","href":"https:\/\/api.w.org\/{rel}","templated":true}]}}